 + 36. Suppose r*k - 175 = -k. What is the highest common factor of 5 and k?
5
Let n = 8 - -7. Let v be 1 + (-4 + 1)/((-20)/60). What is the highest common divisor of v and n?
5
Let o = 486 - 470. Calculate the highest common factor of 56 and o.
8
Suppose 6*a - 396 = -93*a. What is the highest common divisor of a and 148?
4
Let c(k) = k**2 - 2. Let n be c(0). Let g be n/(-1) - 6/(-2). Suppose g*b - 2*b + 3*h - 237 = 0, -2*h = -8. What is the highest common divisor of 25 and b?
25
Let b be ((-20)/24)/((-26)/468). What is the highest common divisor of b and 375?
15
Let r be -2 - -5*(-2 - -70). Suppose 4*d + 86 - r = 0. What is the greatest common factor of d and 9?
9
Suppose -352 = -17*a + 6*a. Let w(z) = 12*z**3 + z - 2. Let i be w(2). Suppose 6*u = 8*u - i. Calculate the highest common divisor of u and a.
16
Let n be 616/(-12)*(-66)/77. Let x be -11*(-2 - -3)*-28. Calculate the greatest common divisor of x and n.
44
Suppose -15 = 7*j - 10*j. Suppose 49 = 4*k + j*v, 2*v + 3*v = 25. What is the highest common divisor of 48 and k?
6
Let l(o) = -o**2 - 6*o - 3. Let r be l(-3). Suppose 32*t + 10*t = 714. Let q = t - r. What is the greatest common factor of 22 and q?
11
Let p(h) = -21*h + 273. Let s be p(7). Calculate the highest common factor of s and 112.
14
Suppose 69 + 6 = 5*q. Let z be 56 + (6 - (-1)/((-1)/2)). Calculate the greatest common divisor of q and z.
15
Let n be -36*(-1 + -4 + 2). Let i = -231 + 234. Suppose -b - i*b = -n. Calculate the highest common factor of 9 and b.
9
Suppose 2*s + 880 = 5*j, j - 118 - 58 = -s. Suppose 4*o - 5*p = 63, -8*o + 76 = -5*o + 2*p. What is the greatest common factor of o and j?
22
Let h(k) = 21*k - 96. Let b be h(5). Calculate the greatest common divisor of b and 99.
9
Suppose 0 = -3*d - 3*p + 1581, 3*d - 2*p - 1565 = 3*p. Calculate the greatest common divisor of 105 and d.
105
Let w(h) = -h**3 + 3*h**2 + 7*h - 11. Let r be w(4). Let f be 5/(-10)*(-3 - 1)/r. Calculate the greatest common factor of f and 4.
2
Suppose -22*o + 23*o = 0. Suppose -4*j - 20 = -2*u - 6*j, -2*j = o. What is the highest common divisor of u and 80?
10
Let s = 21 + 14. Let i be (28/(-3))/(2/(-15)). Let y be i/15*(1 + 2). What is the highest common divisor of y and s?
7
Let b be 10/(-50)*-535 - 11. Calculate the highest common factor of b and 3.
3
Let d be 58/4*(-42 + 44). What is the highest common divisor of d and 3?
1
Let t(h) = 40*h + 1. Suppose 3*c = 6*c. Suppose 2*s = -4*a - c*s + 2, 0 = a - 2*s - 8. Let k be t(a). Calculate the highest common factor of 9 and k.
9
Suppose -3*f = -n - 19, 53*f = 58*f - 35. Suppose 0 = -x - 2 + 11. What is the greatest common divisor of n and x?
1
Let l(d) = -5*d - 12. Let p be l(-3). Suppose -5*m - 29 = -x, 0*x = p*x - 3*m - 27. What is the greatest common factor of 4 and x?
4
Suppose -4*q + m - 4*m = -6, 0 = -3*q - m + 7. Suppose -2*u = -12*u + 270. Calculate the highest common divisor of q and u.
3
Suppose 0 = 2*m - 4, -5*h - m + 26 = -4*h. Suppose -23*u = -h*u + 87. Calculate the greatest common divisor of 29 and u.
29
Let q = 13 + -13. Let w(v) = v**3 - 2*v**2 - v + 21. Let m be w(q). Let b = 4 - 1. What is the greatest common divisor of m and b?
3
Suppose 14*c + 895 = 9*c. Let b = -64 - c. What is the greatest common factor of b and 23?
23
Let i = 144 + -136. What is the highest common divisor of 10 and i?
2
Let x(k) = -k**3 + 6*k**2 - 5*k + 5. Let c be x(5). Suppose c*n + 2 - 7 = 0, 3*h - 3*n = 1005. What is the greatest common factor of 48 and h?
48
Suppose 19 = -5*f + 94. Let s be (5 - 6)/((-3)/f). What is the highest common divisor of s and 1?
1
Let q be (-2 - (-4 + -1)) + (-1)/1. Suppose i - 3*a = -q*a + 35, -2*a = 3*i - 120. Calculate the highest common factor of i and 57.
19
Suppose 0 = -8*k + 41 + 167. Let x(p) = 10*p - 2. Let f be x(8). Calculate the highest common divisor of f and k.
26
Let d be 8 + (-3 - (0 - 0)). Suppose d*a - 22 = -7. Suppose -56 = -z - a*z. Calculate the greatest common divisor of 112 and z.
14
Let h(d) = d**3 - 43*d**2 - 33*d + 244. Let b be h(44). Calculate the greatest common factor of 56 and b.
56
Let a(c) = c + 43. Let p be a(-23). Suppose 0 = 24*f - p*f - 96. What is the highest common divisor of f and 24?
24
Let t(s) = 118*s**2 - 1. Let k be t(1). Let n(g) = -g**2 + 16*g - 5. Let o be n(6). Let f = 68 - o. Calculate the highest common factor of k and f.
13
Suppose 1190*n - 1184*n - 5712 = 0. What is the greatest common factor of 408 and n?
136
Let s = 138 - 132. Calculate the greatest common divisor of s and 84.
6
Let m be (2/(-4) + -8)*(0 + -50). What is the greatest common divisor of 75 and m?
25
Suppose o - 17 = -4*h, -5 - 4 = -2*h - o. Let q be (h - 9)*(-2)/5. Suppose 3*y - 8*y = -100. What is the greatest common factor of y and q?
2
Suppose -v + d = 0, -7*v + 2*v - 3*d = 0. Let k be (v - 3) + -24 + 49. What is the greatest common divisor of 121 and k?
11
Let k(z) = -2*z - 31. Let u be k(-17). Suppose -4*w = -3*d - w + 6, 3*d - u = 4*w. Calculate the highest common divisor of d and 35.
5
Suppose 52 = 4*j - 236. Let w(q) = q**3 + 8*q**2 + 8. Let d be w(-8). What is the highest common divisor of d and j?
8
Suppose 3*p + 52 = 2*w, w + 4*w = -4*p + 130. Calculate the highest common factor of w and 2.
2
Let d = 25 - 17. Let m(z) = z**2 - 2*z - 12. Let o be m(d). Calculate the highest common factor of o and 9.
9
Suppose 12*m - 11*m - 4*s = 12, 0 = m - 3*s - 9. Let b be (2/15 - m) + (-464)/(-120). Calculate the highest common factor of 7 and b.
1
Let z = -3731 + 3759. Let n be ((-4)/(-6))/((-4)/(-42)). What is the greatest common factor of z and n?
7
Let m be 3 + 1 + -2 - 2. Let i be (-1)/(3 - (4 + m)). Let b be 0 + i + 6 + 0. Calculate the greatest common factor of 49 and b.
7
Suppose -c = -l + 7, 0 = 4*l + 3*c + c - 68. Suppose i - 16 = -l. Suppose 4*z = 3*j - 32, -4*z = i + 4. What is the highest common divisor of 4 and j?
4
Suppose 2*c - 540 = -4*x, 4*c = -x + 4*x - 405. Let z be x/3 + -3*(-1)/3. Calculate the highest common factor of 230 and z.
46
Suppose 0 = 3*g + 10*g - 1326. Calculate the highest common divisor of g and 2.
2
Suppose 483*o - 485*o = 3*h + 8, 2*h = 4*o - 16. Let s = 4 - -14. What is the highest common factor of s and o?
2
Let v(t) = t**2 + 14*t + 2. Let o be v(-14). Let f be o/(-5) + 336/15. Calculate the greatest common factor of 2 and f.
2
Suppose -520 = -5*a - 3*p - 2*p, 5*a = 3*p + 480. Let x be 168/(-14)*(-4)/3. Suppose x + 6 = 2*j. What is the highest common divisor of j and a?
11
Let n(i) be the second derivative of -i**4/12 - 5*i**3/3 - 5*i**2/2 - 7*i. Let l be n(-7). Calculate the highest common factor of 144 and l.
16
Let a = -60 + 51. Let v = a + 22. What is the greatest common divisor of v and 39?
13
Suppose 2*o - 1487 = 20*l - 23*l, -2*l - 4*o = -1002. What is the greatest common factor of 29 and l?
29
Suppose -f = -a - 219, -f + 99 = a - 116. What is the highest common factor of f and 186?
31
Let h be 30*2/15*9. Let s = -52 + 78. Suppose -4*t + 70 = -s. What is the greatest common divisor of h and t?
12
Let b = 28 + 115. Let a = b - 80. Suppose -4*m + 90 = 4*k - m, -2*k + 44 = m. What is the highest common factor of a and k?
21
Suppose 2*p - 3*g - 13 = 0, 14 = -5*p - g + 55. Calculate the highest common factor of 26 and p.
2
Let f be 0*(-4 + 28/8). Suppose 5*y - 4*l - 62 = 2*y, f = -2*y + 5*l + 39. Calculate the highest common divisor of 11 and y.
11
Suppose 2*q - 31 = 27. Let x be -28 + q + -1 + 8. Calculate the greatest common divisor of x and 72.
8
Let w(n) = -2*n + 3. Let k be w(-2). Let j be (2/(-4))/(k/(-182)). What is the greatest common divisor of 65 and j?
13
Let z(o) = o**3 + 5*o**2 - 4*o + 11. Let j be z(-8). Let c = j + 239. Let q(m) = m**2 - m + 10. Let b be q(0). Calculate the greatest common divisor of c and b.
10
Let z = -30 - -21. Let o(s) = s**2 + 10*s + 21. Let w be o(z). What is the highest common factor of w and 108?
12
Suppose 3389 = 11*q - 5565. What is the highest common factor of 22 and q?
22
Let l(b) = -b**2 - b + 13. Let r be l(3). Let q(a) = 260*a + 1. Let d be q(r). Calculate the greatest common divisor of 29 and d.
29
Let v(o) = 16*o**2 + 15*o**2 + 3*o - 32*o**2. Let b be v(2). Let c be b/7 + 400/70. Calculate the greatest common factor of 12 and c.
6
Let y = 0 - -7. Let q(p) = 12*p +